{"id":61,"date":"2018-08-04T14:44:54","date_gmt":"2018-08-04T14:44:54","guid":{"rendered":"http:\/\/tagesmutter-untermregenbogen.de\/?page_id=61"},"modified":"2026-03-24T15:04:45","modified_gmt":"2026-03-24T15:04:45","slug":"impressum","status":"publish","type":"page","link":"https:\/\/tagesmutter-untermregenbogen.de\/?page_id=61","title":{"rendered":"Impressum"},"content":{"rendered":"<p><strong>Angaben gem\u00e4\u00df \u00a7 5 TMG<\/strong><\/p>\n<p>Sandra Schumann<\/p>\n<p>Tagesmutter unterm regenbogen<\/p>\n<p>Draisdorfer Weg 1<\/p>\n<p>09244 Lichtenau<\/p>\n<p><strong>Kontakt<\/strong><\/p>\n<p>Tel.: 037208 \u2013 88 98 02<\/p>\n<p>Fax: \u00a0037208 \u2013 88 98 03<\/p>\n<p>E-Mail: post (at) tagesmutter-untermregenbogen.de<\/p>\n<p>Kindertagespflegeperson (Tagesmutter) zertifiziert durch den Bundesverband f\u00fcr Kindertagespflege Berlin<\/p>\n<p>Eine Pflegeerlaubnis gem\u00e4\u00df \u00a7 23 Abs. 2 SGB VIII wurde durch das Landratsamt Mittelsachsen\/ Abt. Jugend und Familie\/ Kindertagesst\u00e4tten in Mittweida erteilt.<\/p>\n<p><strong>Verbraucherstreitbeilegung\/Universalschlichtungsstelle<\/strong><\/p>\n<p>Ich bin nicht bereit oder verpflichtet, an Streitbeilegungsverfahren vor einer Verbraucherschlichtungsstelle teilzunehmen.<\/p>\n<p><strong>Haftung f\u00fcr Inhalte<\/strong><\/p>\n<p>Als Diensteanbieter bin ich gem\u00e4\u00df \u00a7 7 Abs.1 TMG f\u00fcr eigene Inhalte auf diesen Seiten nach den allgemeinen Gesetzen verantwortlich. Nach \u00a7\u00a7 8 bis 10 TMG bin ich als Diensteanbieter jedoch nichtverpflichtet, \u00fcbermittelte oder gespeicherte fremde Informationen zu \u00fcberwachen oder nach Umst\u00e4nden zu forschen, die auf eine rechtswidrige T\u00e4tigkeit hinweisen.<\/p>\n<p>Verpflichtungen zur Entfernung oder Sperrung der Nutzung von Informationen nach den allgemeinen Gesetzen bleiben hiervon unber\u00fchrt. Eine diesbez\u00fcgliche Haftung ist jedoch erst ab dem Zeitpunkt der Kenntnis einer konkreten Rechtsverletzung m\u00f6glich. Bei Bekanntwerden von entsprechenden Rechtsverletzungen werden diese Inhalte umgehend entfernt.<\/p>\n<p><strong>Haftung f\u00fcr Links<\/strong><\/p>\n<p>Das Angebot enth\u00e4lt Links zu externen Websites Dritter, auf deren Inhalte ich keinen Einfluss habe. Deshalb kann f\u00fcr diese fremden Inhalte auch keine Gew\u00e4hr \u00fcbernommen werden. F\u00fcr die Inhalte der verlinkten Seiten ist stets der jeweilige Anbieter oder Betreiber der Seiten verantwortlich. Die verlinkten Seiten wurden zum Zeitpunkt der Verlinkung auf m\u00f6gliche Rechtsverst\u00f6\u00dfe \u00fcberpr\u00fcft. Rechtswidrige Inhalte waren zum Zeitpunkt der Verlinkung nicht erkennbar.<\/p>\n<p>Eine permanente inhaltliche Kontrolle der verlinkten Seiten ist jedoch ohne konkrete Anhaltspunkte einer Rechtsverletzung nicht zumutbar. Bei Bekanntwerden von Rechtsverletzungen werden derartige Links umgehend entfernt.<\/p>\n<p><strong>Urheberrecht<\/strong><\/p>\n<p>Die durch die Seitenbetreiber erstellten Inhalte und Werke auf diesen Seiten unterliegen dem deutschen Urheberrecht. Die Vervielf\u00e4ltigung, Bearbeitung, Verbreitung und jede Art der Verwertung au\u00dferhalb der Grenzen des Urheberrechtes bed\u00fcrfen der schriftlichen Zustimmung des jeweiligen Autors bzw. Erstellers.<\/p>\n<p>Downloads und Kopien dieser Seite sind nur f\u00fcr den privaten, nicht kommerziellen Gebrauch gestattet.<\/p>\n<p>Soweit die Inhalte auf dieser Seite nicht vom Betreiber erstellt wurden, werden die Urheberrechte Dritter beachtet. Insbesondere werden Inhalte Dritter als solche gekennzeichnet. Sollten Sie trotzdem auf eine Urheberrechtsverletzung aufmerksam werden, bitten ich um einen entsprechenden Hinweis. Bei Bekanntwerden von Rechtsverletzungen werde ich derartige Inhalte umgehend entfernen.<\/p>\n<p><strong>Datenschutz<br \/>\n<\/strong>Die personenbezogenen Daten, die auf dieser Seite erhoben werden, sind stets auf freiwilliger Basis. Ich behandle diese Daten stets vertraulich. Es erfolgt keine Weitergabe der Daten an Dritte von mir. Eine Speicherung erfolgt nur im Rahmen der Beantwortung Ihrer Anfrage oder Ihres Hinweises.<\/p>\n<p><strong>Der auf diesen Seiten angegebene Name, die Adresse, Telefon- und Fax-Nummer sowie E-Mail-Adresse sind nicht f\u00fcr Werbezwecke, Umfragen und andere Angebote zu verwenden. Bei Nichtbeachtung werde ich rechtliche Schritte einleiten.<\/strong><\/p>\n<p>Quelle: <a href=\"https:\/\/www.e-recht24.de\">www.e-recht24.de<\/a><\/p>\n<p style=\"text-align: center;\"><a href=\"https:\/\/tagesmutter-untermregenbogen.de\/\">Zur\u00fcck<\/a><\/p>\n","protected":false},"excerpt":{"rendered":"<p>Angaben gem\u00e4\u00df \u00a7 5 TMG Sandra Schumann Tagesmutter unterm regenbogen Draisdorfer Weg 1 09244 Lichtenau Kontakt Tel.: 037208 \u2013 88 98 02 Fax: \u00a0037208 \u2013 88 98 03 E-Mail: post (at) tagesmutter-untermregenbogen.de Kindertagespflegeperson (Tagesmutter) zertifiziert durch den Bundesverband f\u00fcr Kindertagespflege <span class=\"excerpt-dots\">&hellip;<\/span> <a class=\"more-link\" href=\"https:\/\/tagesmutter-untermregenbogen.de\/?page_id=61\"><span class=\"more-msg\">Weiterlesen &rarr;<\/span><\/a><\/p>\n","protected":false},"author":1,"featured_media":0,"parent":0,"menu_order":0,"comment_status":"closed","ping_status":"closed","template":"","meta":{"footnotes":""},"class_list":["post-61","page","type-page","status-publish","hentry"],"_links":{"self":[{"href":"https:\/\/tagesmutter-untermregenbogen.de\/index.php?rest_route=\/wp\/v2\/pages\/61","targetHints":{"allow":["GET"]}}],"collection":[{"href":"https:\/\/tagesmutter-untermregenbogen.de\/index.php?rest_route=\/wp\/v2\/pages"}],"about":[{"href":"https:\/\/tagesmutter-untermregenbogen.de\/index.php?rest_route=\/wp\/v2\/types\/page"}],"author":[{"embeddable":true,"href":"https:\/\/tagesmutter-untermregenbogen.de\/index.php?rest_route=\/wp\/v2\/users\/1"}],"replies":[{"embeddable":true,"href":"https:\/\/tagesmutter-untermregenbogen.de\/index.php?rest_route=%2Fwp%2Fv2%2Fcomments&post=61"}],"version-history":[{"count":9,"href":"https:\/\/tagesmutter-untermregenbogen.de\/index.php?rest_route=\/wp\/v2\/pages\/61\/revisions"}],"predecessor-version":[{"id":1030,"href":"https:\/\/tagesmutter-untermregenbogen.de\/index.php?rest_route=\/wp\/v2\/pages\/61\/revisions\/1030"}],"wp:attachment":[{"href":"https:\/\/tagesmutter-untermregenbogen.de\/index.php?rest_route=%2Fwp%2Fv2%2Fmedia&parent=61"}],"curies":[{"name":"wp","href":"https:\/\/api.w.org\/{rel}","templated":true}]}}