{"id":49,"date":"2018-08-04T14:43:02","date_gmt":"2018-08-04T14:43:02","guid":{"rendered":"http:\/\/tagesmutter-untermregenbogen.de\/?page_id=49"},"modified":"2023-03-19T08:01:25","modified_gmt":"2023-03-19T08:01:25","slug":"tagesablauf","status":"publish","type":"page","link":"https:\/\/tagesmutter-untermregenbogen.de\/?page_id=49","title":{"rendered":"Tagesablauf &#8222;unterm regenbogen&#8220;"},"content":{"rendered":"\n<p>Ein wichtiger Punkt meiner Arbeit liegt in der Vermittlung von allt\u00e4glichem Wissen und selbst\u00e4ndigen Handeln. Daf\u00fcr nehme ich mir sehr viel Zeit, z. B. f\u00fcr das selbst\u00e4ndige An- und Ausziehen, Essen und Waschen. Denn nur durch \u00dcbung und Geduld wird dies eines Tages von allein gelingen. Ich achte auf eine ausgewogene Ern\u00e4hrung. Jeden Tag koche ich f\u00fcr die Kinder ein frisches Mittagessen, gelegentlich backen wir Pl\u00e4tzchen und Kuchen die Vesper am Nachmittag. Ich musiziere und singe gern mit den Kindern, wir bewegen uns zur Musik und probieren verschiedene Kl\u00e4nge. So ist es zur Gewohnheit geworden, feste Rituale im Tagesablauf durch kleine Lieder oder Reime zu untermalen. Dies gibt den Kindern Orientierung im klar strukturierten und geregelten Ablauf und vermittelt eine geborgene, sichere und ruhige Atmosph\u00e4re. Bei jedem Wetter gehen wir an die frische Luft. W\u00e4hrend unseren Spazierg\u00e4ngen oder im eigenen Garten begegnen wir der Natur mit offenen Augen. Wir untersuchen und entdecken viele verschiedene Dinge. Oftmals sind es Kleinigkeiten, welche die Kinderherzen begeistern. Ich bin dankbar f\u00fcr meine kleine Gruppe \u2013 das gute Miteinander mit den Eltern, die mir jeden Tag ihr Vertrauen schenken und ich kann \u00fcber jedes einzelne Kind \u2013 nur staunen!<\/p>\n\n\n\n<hr class=\"wp-block-separator has-text-color has-vivid-cyan-blue-color has-css-opacity has-vivid-cyan-blue-background-color has-background is-style-wide\"\/>\n\n\n<p><strong>So k\u00f6nnte ein Tag bei mir aussehen:<\/strong>&nbsp;<\/p>\n\n\n<figure class=\"wp-block-table\"><table><tbody><tr><td><strong>07.00 Uhr<\/strong><\/td><td>Ankunft der Kinder<\/td><\/tr><tr><td><strong>07.30 Uhr<\/strong>&nbsp;<\/td><td>Gemeinsames Fr\u00fchst\u00fcck<\/td><\/tr><tr><td><strong>danach<\/strong><\/td><td>freie Spielzeit &#8211; <br>Zeit, um verschiedene Eindr\u00fccke kreativ auszudr\u00fccken oder <br>neue F\u00e4higkeiten im Spiel zu erlernen und\/ oder zu festigen.<\/td><\/tr><tr><td><strong>08.45 Uhr<\/strong><\/td><td>Morgenkreis \u2013 <br>gemeinsame Zeit,&nbsp;wo wir uns alle noch einmal bewusst begr\u00fc\u00dfen. <br>Ich m\u00f6chte in dieser Zeit mit den Kindern ganz allt\u00e4gliche und wichtige Dinge <br>des Lebens entdecken, welche uns oftmals durch den Jahreskreis vorgegeben sind.<br>Es soll eine gemeinsame Zeit des Singens,  Erz\u00e4hlens, Redens und Besinnens sein.<\/td><\/tr><tr><td><strong>09.30 Uhr<\/strong><\/td><td>Anziehen und anschlie\u00dfend Spielen im Freien. <br>Jeder Tag wird genutzt, um an der frischen Luft zu spielen und Neues zu entdecken. <br>Ob es nun Schnee, Regen oder Sonnenschein ist, spielt dabei keine Rolle.<\/td><\/tr><tr><td><strong>11.00 Uhr<\/strong><\/td><td>Mittagessen &#8211; jeden Tag selbst frisch gekocht<\/td><\/tr><tr><td><strong>11.45 Uhr <\/strong>&#8211;<br><strong>14.30 Uhr<\/strong><\/td><td>Mittagsruhe &#8211; <br>Eine Abholung ist w\u00e4hrend der Mittagsruhe nicht erw\u00fcnscht, um die notwendige Ruhe<br>und Entspannung den Kindern zu gew\u00e4hrleisten. Im Krankheitsfall ist eine Abholung jederzeit m\u00f6glich.<\/td><\/tr><tr><td><strong>15.00 Uhr<\/strong><\/td><td>Kleine Vesper mit frischem Obst der Saison<\/td><\/tr><tr><td><strong>danach<\/strong><\/td><td>Spielzeit bis zur Abholung drinnen oder drau\u00dfen<\/td><\/tr><\/tbody><\/table><\/figure>\n\n\n\n<p>Der Tagesablauf gestaltet sich flexibel, denn ich gehe auf die gerade anliegenden Interessen der Kinder ein. Wir werden kleine Feste, wie Geburtstage, Ostern, Weihnachten usw. feiern und wollen unsere n\u00e4here Umgebung in kleinen Ausfl\u00fcgen erkunden.<\/p>\n\n\n\n<p class=\"has-text-align-center\"><a href=\"https:\/\/tagesmutter-untermregenbogen.de\/?page_id=51\">Zur\u00fcck<\/a><\/p>\n","protected":false},"excerpt":{"rendered":"<p>Ein wichtiger Punkt meiner Arbeit liegt in der Vermittlung von allt\u00e4glichem Wissen und selbst\u00e4ndigen Handeln. Daf\u00fcr nehme ich mir sehr viel Zeit, z. B. f\u00fcr das selbst\u00e4ndige An- und Ausziehen, Essen und Waschen. Denn nur durch \u00dcbung und Geduld wird <span class=\"excerpt-dots\">&hellip;<\/span> <a class=\"more-link\" href=\"https:\/\/tagesmutter-untermregenbogen.de\/?page_id=49\"><span class=\"more-msg\">Weiterlesen &rarr;<\/span><\/a><\/p>\n","protected":false},"author":1,"featured_media":0,"parent":0,"menu_order":0,"comment_status":"closed","ping_status":"closed","template":"","meta":{"footnotes":""},"class_list":["post-49","page","type-page","status-publish","hentry"],"_links":{"self":[{"href":"https:\/\/tagesmutter-untermregenbogen.de\/index.php?rest_route=\/wp\/v2\/pages\/49","targetHints":{"allow":["GET"]}}],"collection":[{"href":"https:\/\/tagesmutter-untermregenbogen.de\/index.php?rest_route=\/wp\/v2\/pages"}],"about":[{"href":"https:\/\/tagesmutter-untermregenbogen.de\/index.php?rest_route=\/wp\/v2\/types\/page"}],"author":[{"embeddable":true,"href":"https:\/\/tagesmutter-untermregenbogen.de\/index.php?rest_route=\/wp\/v2\/users\/1"}],"replies":[{"embeddable":true,"href":"https:\/\/tagesmutter-untermregenbogen.de\/index.php?rest_route=%2Fwp%2Fv2%2Fcomments&post=49"}],"version-history":[{"count":11,"href":"https:\/\/tagesmutter-untermregenbogen.de\/index.php?rest_route=\/wp\/v2\/pages\/49\/revisions"}],"predecessor-version":[{"id":828,"href":"https:\/\/tagesmutter-untermregenbogen.de\/index.php?rest_route=\/wp\/v2\/pages\/49\/revisions\/828"}],"wp:attachment":[{"href":"https:\/\/tagesmutter-untermregenbogen.de\/index.php?rest_route=%2Fwp%2Fv2%2Fmedia&parent=49"}],"curies":[{"name":"wp","href":"https:\/\/api.w.org\/{rel}","templated":true}]}}