{"id":37,"date":"2018-08-04T14:39:54","date_gmt":"2018-08-04T14:39:54","guid":{"rendered":"http:\/\/tagesmutter-untermregenbogen.de\/?page_id=37"},"modified":"2026-03-24T14:23:16","modified_gmt":"2026-03-24T14:23:16","slug":"raeumlichkeiten","status":"publish","type":"page","link":"https:\/\/tagesmutter-untermregenbogen.de\/?page_id=37","title":{"rendered":"R\u00e4umlichkeiten"},"content":{"rendered":"\n<div class=\"wp-block-media-text is-stacked-on-mobile\" style=\"grid-template-columns:30% auto\"><figure class=\"wp-block-media-text__media\"><img loading=\"lazy\" decoding=\"async\" width=\"1024\" height=\"768\" src=\"https:\/\/tagesmutter-untermregenbogen.de\/wp-content\/uploads\/2026\/03\/Raum-1024x768.jpg\" alt=\"\" class=\"wp-image-1015 size-full\" srcset=\"https:\/\/tagesmutter-untermregenbogen.de\/wp-content\/uploads\/2026\/03\/Raum-1024x768.jpg 1024w, https:\/\/tagesmutter-untermregenbogen.de\/wp-content\/uploads\/2026\/03\/Raum-300x225.jpg 300w, https:\/\/tagesmutter-untermregenbogen.de\/wp-content\/uploads\/2026\/03\/Raum-768x576.jpg 768w, https:\/\/tagesmutter-untermregenbogen.de\/wp-content\/uploads\/2026\/03\/Raum-1536x1152.jpg 1536w, https:\/\/tagesmutter-untermregenbogen.de\/wp-content\/uploads\/2026\/03\/Raum.jpg 1800w\" sizes=\"auto, (max-width: 1024px) 100vw, 1024px\" \/><\/figure><div class=\"wp-block-media-text__content\">\n<p>unterm regenbogen befindet sich im Ortsteil Auerswalde der Gro\u00dfgemeinde Lichtenau am Stadtrand von Chemnitz ca. 3,5 km von der Autobahnauffahrt Chemnitz\/ Gl\u00f6sa entfernt. Es ist nahegelegen der St. Ursula Kirche von Auerswalde und dem dazugeh\u00f6rigen Kindergarten \u201eSonnenschein\u201c.<br><br>In der N\u00e4he (ca. 5 min Gehzeit) befinden sich ein kleiner Spielplatz, der Sportplatz sowie ein kleines W\u00e4ldchen, welches auch durch den Kindergarten genutzt wird.<br><br>F\u00fcr die Kinder stehen separate kindgerechte R\u00e4ume mit vielen Spielm\u00f6glichkeiten zur Verf\u00fcgung. Als Bewegungsinsel ist in meinen R\u00e4umen ein Kletterturm mit Rutsche und H\u00f6hle integriert.<\/p>\n<\/div><\/div>\n\n\n\n<div class=\"wp-block-wvrblocks-imgcols align_none wvrblocks-imgcols__has-4 wvrblocks-imgcols__shape-original\" style=\"background-color:transparent;border-color:transparent;text-align:center;margin-bottom:0.5em;width:auto\"><div class=\"wvrblocks-imgcols__column wvrblocks-imgcols__column-one\" style=\"background-color:transparent\"><div class=\"wvrblocks-imgcols__text\"><\/div><\/div><div class=\"wvrblocks-imgcols__column wvrblocks-imgcols__column-two\" style=\"background-color:#8ed1fc\"><div class=\"wvrblocks-imgcols__image\"><figure class=\"wvrblocks-imgcols__img2\"><div class=\"wvrblocks-imgcols__column-image\"><img decoding=\"async\" src=\"https:\/\/tagesmutter-untermregenbogen.de\/wp-content\/uploads\/2020\/06\/Innenbereich.jpg\"\/><\/div><\/figure><\/div><div class=\"wvrblocks-imgcols__text\"><div class=\"wvrblocks-imgcols__title\"><h4 style=\"color:#222222;font-size:130%\"><a href=\"https:\/\/tagesmutter-untermregenbogen.de\/?page_id=41\">Innenbereich<\/a><\/h4><\/div><div class=\"wvrblocks-imgcols__desc2\"><p style=\"color:#333333;font-size:100%\">Jeden Tag spielen wir &#8222;unterm regenbogen&#8220; und entdecken und erforschen unsere Welt.<\/p><\/div><\/div><\/div><div class=\"wvrblocks-imgcols__column wvrblocks-imgcols__column-three\" style=\"background-color:#9b51e0\"><div class=\"wvrblocks-imgcols__image\"><figure class=\"wvrblocks-imgcols__img3\"><div class=\"wvrblocks-imgcols__column-image\"><img decoding=\"async\" src=\"https:\/\/tagesmutter-untermregenbogen.de\/wp-content\/uploads\/2020\/06\/Au\u00dfenbereich.jpg\"\/><\/div><\/figure><\/div><div class=\"wvrblocks-imgcols__text\"><div class=\"wvrblocks-imgcols__title\"><h4 style=\"color:#222222;font-size:130%\"><a href=\"https:\/\/tagesmutter-untermregenbogen.de\/?page_id=39\">Au\u00dfenbereich<\/a><\/h4><\/div><div class=\"wvrblocks-imgcols__desc2\"><p style=\"color:#333333;font-size:100%\">Im kleinen Garten und Hof gibt es viele Spielm\u00f6glichkeiten, sowie genug Platz f\u00fcr den Bewegungsdrang der Kinder.<\/p><\/div><\/div><\/div><div class=\"wvrblocks-imgcols__column wvrblocks-imgcols__column-four\" style=\"background-color:transparent\"><div class=\"wvrblocks-imgcols__text\"><\/div><\/div><\/div>\n\n\n<p style=\"text-align: center;\"><a href=\"https:\/\/tagesmutter-untermregenbogen.de\/\">Zur\u00fcck<\/a><\/p>","protected":false},"excerpt":{"rendered":"<p>unterm regenbogen befindet sich im Ortsteil Auerswalde der Gro\u00dfgemeinde Lichtenau am Stadtrand von Chemnitz ca. 3,5 km von der Autobahnauffahrt Chemnitz\/ Gl\u00f6sa entfernt. Es ist nahegelegen der St. Ursula Kirche von Auerswalde und dem dazugeh\u00f6rigen Kindergarten \u201eSonnenschein\u201c. In der N\u00e4he <span class=\"excerpt-dots\">&hellip;<\/span> <a class=\"more-link\" href=\"https:\/\/tagesmutter-untermregenbogen.de\/?page_id=37\"><span class=\"more-msg\">Weiterlesen &rarr;<\/span><\/a><\/p>\n","protected":false},"author":1,"featured_media":0,"parent":0,"menu_order":0,"comment_status":"closed","ping_status":"closed","template":"","meta":{"footnotes":""},"class_list":["post-37","page","type-page","status-publish","hentry"],"_links":{"self":[{"href":"https:\/\/tagesmutter-untermregenbogen.de\/index.php?rest_route=\/wp\/v2\/pages\/37","targetHints":{"allow":["GET"]}}],"collection":[{"href":"https:\/\/tagesmutter-untermregenbogen.de\/index.php?rest_route=\/wp\/v2\/pages"}],"about":[{"href":"https:\/\/tagesmutter-untermregenbogen.de\/index.php?rest_route=\/wp\/v2\/types\/page"}],"author":[{"embeddable":true,"href":"https:\/\/tagesmutter-untermregenbogen.de\/index.php?rest_route=\/wp\/v2\/users\/1"}],"replies":[{"embeddable":true,"href":"https:\/\/tagesmutter-untermregenbogen.de\/index.php?rest_route=%2Fwp%2Fv2%2Fcomments&post=37"}],"version-history":[{"count":25,"href":"https:\/\/tagesmutter-untermregenbogen.de\/index.php?rest_route=\/wp\/v2\/pages\/37\/revisions"}],"predecessor-version":[{"id":1018,"href":"https:\/\/tagesmutter-untermregenbogen.de\/index.php?rest_route=\/wp\/v2\/pages\/37\/revisions\/1018"}],"wp:attachment":[{"href":"https:\/\/tagesmutter-untermregenbogen.de\/index.php?rest_route=%2Fwp%2Fv2%2Fmedia&parent=37"}],"curies":[{"name":"wp","href":"https:\/\/api.w.org\/{rel}","templated":true}]}}